*k**3 + 7*k**2 + 54*k + 66. Determine c(-4).
282
Let n(c) = c**3 - c**2 - 373*c - 265. What is n(0)?
-265
Let g(l) = -15024*l - 525843. Determine g(-35).
-3
Let a(m) = 13*m**2 - 180*m - 4995. Give a(-15).
630
Let j(q) = -7757*q - 102869. What is j(-13)?
-2028
Let m(x) = -x**3 + 81*x**2 + 2*x - 2130. Calculate m(0).
-2130
Let t(b) = b**3 - 12*b**2 - 1360*b + 11119. Give t(8).
-17
Let f(n) = 25721*n + 257213. Give f(-10).
3
Let s(p) = -1999*p - 239891. Give s(-120).
-11
Let p(m) = 246*m**2 + 2026*m - 1673. Determine p(-9).
19
Let r(o) = -2*o**2 - 461*o + 21331. What is r(-270)?
1
Let r(c) = -c**3 + 204*c**2 + 3758*c - 230. What is r(221)?
-9
Let c(w) = 5*w**3 + 2834*w**2 - 559*w + 4620. Give c(-567).
84
Let h(c) = -c**2 - 974*c - 122049. Calculate h(-148).
199
Let z(b) = -2*b**3 + 81*b**2 - 118*b + 10. Give z(39).
-29
Let t(o) = -35*o**2 - 787*o - 4079. Determine t(-8).
-23
Let w(t) = -t**3 + 105*t**2 + 453*t - 25578. Give w(107).
-5
Let f(h) = 2591*h + 88109. What is f(-34)?
15
Let x(u) = u**3 - 563*u**2 + 4433*u + 3891. What is x(555)?
6
Let x(k) = 5*k**3 - 55*k**2 - 35*k + 6. Determine x(11).
-379
Let m(y) = -169*y - 14553. What is m(-86)?
-19
Let d(k) = 2*k**2 + 1478*k + 10313. What is d(-7)?
65
Let r(u) = -223*u + 4811. Determine r(38).
-3663
Let b(d) = -d**2 - 1261*d + 41393. Determine b(32).
17
Let k(y) = 1091*y + 43492. Determine k(-40).
-148
Let f(h) = 13*h**2 + 44542*h + 44542. Give f(-1).
13
Let j(g) = -79*g**2 - 85*g + 86. Determine j(1).
-78
Let k(h) = h**3 - 25*h**2 + 969*h - 23444. Give k(25).
781
Let c(n) = 17690*n + 300742. What is c(-17)?
12
Let q(c) = -4535*c - 45294. Calculate q(-11).
4591
Let j(f) = -2*f**3 - 121*f**2 - 1820*f + 98. Calculate j(-28).
98
Let t(i) = 10084*i - 23173. Determine t(2).
-3005
Let g(v) = 2*v**2 - 19*v - 7237. What is g(-54)?
-379
Let f(i) = -3*i**3 + 18*i**2 - 31*i - 153. Give f(7).
-517
Let y(o) = 14110*o + 635064. Determine y(-45).
114
Let n(h) = 95*h**2 - 15*h - 8. What is n(-1)?
102
Let i(j) = 3*j**3 + 211*j**2 + 71*j + 135. Calculate i(-70).
65
Let z(y) = y**3 - 234*y**2 + 1954*y - 32918. Determine z(226).
78
Let p(z) = -185*z + 4604. What is p(22)?
534
Let z(l) = -26*l - 4836. Give z(-135).
-1326
Let s(d) = -47819*d - 6455597. Give s(-135).
-32
Let s(n) = -5*n**3 - 675*n**2 + 6. Give s(-135).
6
Let h(a) = -9*a**3 - 5*a**2 + 171*a + 316. Determine h(-2).
26
Let t(q) = q**2 + 57*q - 5939. Calculate t(53).
-109
Let z(g) = -8*g**2 + 823*g - 283. Determine z(101).
1232
Let c(g) = 1114*g + 8020. What is c(-7)?
222
Let r(j) = 3*j**3 + 61*j**2 + 66*j + 446. Calculate r(-20).
-474
Let s(v) = -2*v**2 + 1955*v - 149358. Calculate s(894).
-60
Let c(v) = -6870*v + 28249. Determine c(4).
769
Let u(z) = -z**3 + 601*z**2 - 1689*z - 62771. Calculate u(598).
19
Let p(n) = -202*n**2 - 3252*n - 341. What is p(-16)?
-21
Let z(r) = r**3 + 168*r**2 - 167*r + 908. Determine z(-169).
570
Let a(s) = 80*s**3 - 183*s**2 + 119*s + 3. Determine a(2).
149
Let s(n) = 64*n + 601. Determine s(-7).
153
Let n(m) = -m**3 + 243*m**2 + 567*m - 18875. What is n(245)?
-10
Let d(f) = -3*f**2 + 536*f - 2564. Determine d(5).
41
Let z(b) = -9*b**3 + 26*b**2 - 38*b - 17. Give z(4).
-329
Let c(g) = 5*g**2 + 2283*g - 870. Calculate c(-457).
44
Let p(c) = c**3 + 122*c**2 - 6273*c + 975. Give p(-161).
9
Let y(h) = 2*h**3 - 184*h**2 - 96*h + 8811. Determine y(92).
-21
Let a(j) = -3*j**3 - 38*j**2 + 183*j + 1168. Determine a(-14).
-610
Let h(a) = a**2 + 1430*a + 281223. Calculate h(-235).
398
Let b(l) = -1545*l + 177678. Determine b(115).
3
Let t(p) = 7*p**2 + 143*p - 93. What is t(-21)?
-9
Let x(v) = -v**3 - 60*v**2 - 865*v - 29234. Determine x(-54).
-20
Let v(k) = -3*k**3 + 149*k**2 - 31*k - 3139. Give v(49).
144
Let o(p) = 184*p + 1924. Calculate o(-13).
-468
Let w(d) = -4*d**2 - 5957*d - 169391. Calculate w(-29).
-2
Let m(c) = 7644*c + 787310. Calculate m(-103).
-22
Let i(u) = -2*u**3 + 59*u**2 + 114*u + 91. What is i(31)?
742
Let h(l) = -1731*l - 1826. Determine h(-1).
-95
Let y(i) = i**3 - 115*i**2 - 618*i + 1388. What is y(120)?
-772
Let s(c) = 3193*c - 23796. Give s(7).
-1445
Let b(h) = -5*h**3 - 27*h**2 + 23*h + 107. Calculate b(-4).
-97
Let f(l) = 19*l**2 + 1332*l - 3. Give f(-70).
-143
Let d(c) = 529*c + 6347. Give d(-9).
1586
Let p(r) = -4*r**2 - 995*r + 3017. Determine p(3).
-4
Let o(g) = -4*g**2 + 59*g + 3698. Calculate o(-24).
-22
Let n(v) = 18*v**2 - 9*v + 180. What is n(7)?
999
Let t(m) = m**3 - 13*m**2 - 126*m + 1631. What is t(11)?
3
Let a(n) = -n**2 + 150*n - 4073. Determine a(36).
31
Let v(t) = -15*t**3 + 307*t**2 - 151*t + 215. Determine v(20).
-5
Let x(k) = 43*k**2 - 4861*k + 60. Calculate x(113).
-166
Let u(d) = d**2 - 1226*d + 56271. Give u(48).
-273
Let t(b) = -133791*b - 401372. What is t(-3)?
1
Let j(q) = -145*q**3 + 4*q**2 + 22*q + 46. Determine j(-2).
1178
Let s(y) = -253*y + 963. Give s(0).
963
Let r(o) = o**2 + 254*o + 1278. Calculate r(-5).
33
Let z(i) = -11246*i**2 - 134948*i - 4. Give z(-12).
-52
Let l(r) = -r**3 - 133*r**2 + 30361*r - 122. Calculate l(120).
-2
Let j(v) = -4*v**3 - 692*v**2 - 85*v - 14697. What is j(-173)?
8
Let g(d) = -d**3 - 35*d**2 + 16*d - 940. What is g(-35)?
-1500
Let c(o) = 7341*o - 7201. Determine c(1).
140
Let q(p) = -75760*p + 303021. Give q(4).
-19
Let z(s) = 11*s**3 + 797*s**2 + 1137*s + 68. What is z(-71)?
-3
Let z(r) = 8267*r + 91045. Calculate z(-11).
108
Let s(x) = 59029*x + 118096. What is s(-2)?
38
Let l(v) = -6*v**2 - 322*v - 323. Give l(-1).
-7
Let f(g) = 5*g**3 + 2*g**2 + 2339*g + 4662. What is f(-2)?
-48
Let a(z) = -z**2 + 79731*z - 11063290. What is a(139)?
-2
Let n(p) = p**3 - 28*p**2 + 303*p - 1717. Give n(13).
-313
Let q(m) = -62*m + 1080. Calculate q(-10).
1700
Let b(u) = -11358*u + 317982. What is b(28)?
-42
Let p(k) = 2*k**3 + 710*k**2 - 125*k - 44360. Determine p(-355).
15
Let u(d) = -d**2 + 131*d + 578629. What is u(-698)?
-13
Let b(g) = g**3 - 31*g**2 - 98*g - 147. Calculate b(34).
-11
Let o(l) = l**2 + 153*l + 2796. What is o(-23)?
-194
Let z(r) = -359*r**3 + 23722*r**2 - 1848*r - 2. Determine z(66).
-2
Let p(s) = -s**3 + 7*s**2 + 33355*s - 200157. Determine p(6).
9
Let o(n) = -n**3 + 101*n**2 - 471*n - 37. Calculate o(5).
8
Let s(i) = -124*i + 1836. What is s(20)?
-644
Let g(w) = -w**2 + 80617*w - 12070048. What is g(150)?
2
Let b(l) = 10*l**3 - 5970*l**2 + 5809*l + 89996. Determine b(596).
0
Let o(l) = -176*l - 6233. What is o(-27)?
-1481
Let g(o) = o**2 - 5396*o - 26941. Give g(-5).
64
Let s(h) = h**2 - 428*h - 27436. Determine s(-58).
752
Let i(a) = a**2 - 1376*a + 473136. Determine i(702).
-12
Let b(x) = 3107804*x - 6215608. Give b(2).
0
Let i(b) = 92*b**2 + 13382*b + 6169. Calculate i(-145).
79
Let h(v) = -v**3 + 231*v**2 - 2611*v - 48617. What is h(218)?
-3
Let w(a) = 2*a**2 + 16178*a + 113200. What is w(-7)?
52
Let t(k) = -1603*k - 267701. Determine t(-167).
0
Let n(s) = 2*s**3 - 17*s**2 - 305*s + 2839. Give n(9).
175
Let h(j) = 279*j - 3035. Give h(14).
871
Let i(t) = 36*t**2 + 9786*t + 8027. Give i(-271).
-103
Let w(f) = 27*f**2 - 7172*f + 4501. Give w(265).
-4
Let q(g) = 2*g**3 + 257*g**2 - 4084*g + 8997. What is q(-143)?
-12
Let i(s) = s**3 + 8*s**2 - 2180*s - 10929. Determine i(-5).
46
Let i(t) = 478759*t + 5745107. Calculate i(-12).
-1
Let r(y) = -y**2 + 212*y + 6925. Determine r(-39).
-2864
Let i(s) = s**3 + 45*s**2 + 72*s - 804. Calculate i(-43).
-202
Let c(t) = -12*t**2 + 13*t + 615. Determine c(-7).
-64
Let v(j) = -4*j**2 - 531*j - 3076. Give v(-6).
-34
Let o(g) = -3*g**3 - 120*g**2 - 1087*g + 73. Determine o(-14).
3
Let z(l) = 231*l - 2443. Determine z(13).
560
Let g(a) = -9*a**2 + 13887*a - 96751. Determine g(7).
17
Let r(x) = -135*x**2 - 4698*x + 1030. Give r(-35).
85
Let a(j) = -85*j**2 - 12993*j + 1837. What is a(-153)?
1
Let k(a) = 244*a**3 - 26*a**2 + 40*a - 15. What is k(1)?
243
Let s(c) = -3874*c - 15402. Determine s(-4).
94
Let z(h) = 301313*h - 1205209. Calculate z(4).
43
Let v(x) = 7*x**2 + 3274*x - 72657. Determine v(22).
2759
Let c(j) = j**3 - 80*j**2 - 886*j - 1188. Calculate c(90).
72
Let i(c) = -2378*c - 95124. What is i(-40)?
-4
Let j(p) = 3*p**3 + 8*p**2 + 38*p + 8. Determine j(-13).
-5725
Let b(x) = 2*x**3 + 7*x**2 + 1159*x + 3510. Determine b(-3).
42
Let l(b) = -33*b**2 + 127*b - 15. Calculate l(9).
-1545
Let h(n) = -